2 - 1. Let r(z) be the second derivative of j(z). Is r(0) prime?
True
Is (-5)/(-75)*21207*5 a prime number?
True
Suppose 4*b + 14 = 174. Is -5*158*(-12)/b a prime number?
False
Let n(r) = 24*r**2 + 3*r. Let x be n(-2). Suppose 2*w = j - x, 0*j - 210 = -2*j - 2*w. Suppose -54 = -2*i + j. Is i a composite number?
True
Let t(g) = 4693*g - 11. Let q be t(4). Suppose 13*f = q + 11906. Is f composite?
True
Let c be 6/24 + -49*1/4. Is (1*c/8)/((-6)/212) prime?
True
Let b(x) = 192*x - 167. Is b(29) prime?
False
Let k be 1/(-2 + 910/456). Let n = k + 454. Is n composite?
True
Suppose -4*y + 6191 = -2*q + 597, 0 = 3*y - 4*q - 4193. Is y a prime number?
True
Suppose -73*s + 382095 = -215702. Is s composite?
True
Is 6 + (-2)/(-4 - 6558/(-1641)) a prime number?
False
Let w = 1834 + -1072. Suppose -4*q = 5*b - w - 2719, 2 = -2*q. Is b prime?
False
Let v be (-1 + 30)/(1/25). Let b = v - 432. Is b prime?
True
Suppose 12*c - 54490 = 22898. Is c a prime number?
True
Suppose -15 = -0*x - 2*x + 3*o, -5*x + 4*o = -20. Let p(q) = -5*q + 1069. Is p(x) a prime number?
True
Let f = 8787 + -1748. Is f prime?
True
Suppose 5*k + 30 = 3*k. Is 382/1*k/(-30) composite?
False
Let q = 39 + -35. Suppose 4*y + 80 = -q*y. Is (-4492)/y + (-4)/20 prime?
True
Let s(j) = j**2 + 4*j - 12. Let i be (18/8)/(15/(-40)). Let w be s(i). Suppose w = 6*l - 2*l - 136. Is l a composite number?
True
Suppose 0 = -4*a + 1 + 19. Suppose 0 = a*m + 490 - 2565. Is m composite?
True
Suppose 8*o - 549 - 6787 = 0. Is o a prime number?
False
Let t = -2171 - -22. Is t/(-3) + (-22)/(-33) a prime number?
False
Is 3 - (-20346 - -4)/7 composite?
False
Suppose 0 = -0*p - p + b + 7, -7 = 4*p + 3*b. Is 134 + 4 + p + -1 prime?
True
Let o(p) = 13*p**2 + 94*p + 58. Is o(-21) composite?
True
Let x = -3090 - -5592. Let h = 4123 - x. Is h composite?
False
Is (15414/126)/((-2)/78*-1) prime?
False
Let s(m) = 53*m**2 + 114*m - 58. Is s(-19) composite?
True
Let r = 13 - 10. Let y(k) = 8*k**3 - 2*k**2 + 6*k - 5. Is y(r) prime?
True
Let q = 32 + -28. Suppose -5*j + 3*c = -2627, -5*j - q*c = -10*j + 2626. Is j composite?
True
Suppose -2*b = 531 - 3979. Let l = b + -771. Is l a prime number?
True
Suppose -1380 = -4*z - 4*o + 12268, -2*z - 4*o + 6834 = 0. Is z a composite number?
False
Suppose -2*k - 3*k + 17899 = 3*b, -b = 2. Is k composite?
False
Suppose -3*p - 4350 = -6*p. Suppose -2*o + p = -828. Is o prime?
False
Let i = -6444 - -9847. Let d = i + -2316. Is d composite?
False
Is (198792/(-40) - -4)/((-1)/5) prime?
False
Let t = 2254 + -855. Is t a prime number?
True
Is (12/6)/(-12) - 8030/(-12) prime?
False
Let x = -13 + 17. Suppose 5*k = -0*s - s + 104, -2*s = x*k - 226. Is s a composite number?
True
Is (14944/(-40))/(8/(-20)) prime?
False
Let m be ((-14)/(-4))/((-2)/4 - 0). Is 6053 + m - (-2 + 5) a prime number?
True
Let j = 14 - 12. Suppose -l = -j*z - 155, z - 656 = -l - 3*l. Is l composite?
False
Let p = -554 + 1059. Is p prime?
False
Let x(n) = -687*n**2 - 2*n + 1. Let g be x(-2). Let i = 4792 + g. Suppose -o - 2*o = -i. Is o prime?
True
Suppose y = -5*k + 904, -2*y + 1783 = -0*y + 5*k. Let l = y + -86. Is l a prime number?
False
Is (10/15 - 8/12) + 9411 prime?
False
Suppose 32 = 5*p - 2*w, -5*w = -0*p - 3*p + 4. Let c be (-10)/(-40) - (-30)/p. Suppose 2*o + 3*i - 243 = -2*o, o = c*i + 37. Is o composite?
True
Let x(q) = -2*q**3 + 55*q**2 - 108*q + 19. Is x(-30) a prime number?
True
Let o(x) = -170*x - 5. Let u be o(-8). Suppose -5*d - 1255 = -5*g, 5*g - d = -92 + u. Is g composite?
True
Let p = -7901 + 5164. Let y = 4784 + p. Is y prime?
False
Let q be (-1917)/21 + (-16)/(-56). Let x = q - -165. Is x a prime number?
False
Suppose -4*w - w = h - 3947, 0 = 5*h + 15. Is (w/6)/((-7)/(-3) - 2) composite?
True
Let t = 96 + -92. Suppose 0 = t*p - 608 - 1028. Is p a composite number?
False
Let i = -4928 - -8361. Is i a prime number?
True
Is (-2715)/(-2)*(-416)/(-39) - -5 a composite number?
True
Is 54377 - 37/(148/24) composite?
False
Let r be (0/3 - -7) + -2. Suppose -o - r = -4*j, -1 = j + 2*o + 9. Suppose -5*c + 74 - 4 = j. Is c a composite number?
True
Let y(x) = x**3 + x**2 - x + 9. Let r be y(0). Let t(b) be the third derivative of 3*b**4/2 + 7*b**3/6 - 3*b**2 - 67*b. Is t(r) prime?
True
Is ((-3)/6 - (-49)/70)*10495 composite?
False
Let v(i) = i**3 + 8*i**2 - 7*i - 1. Let s(o) = 3*o + 1. Suppose 4*c = -3*d - 12, c + 2*c + 9 = -5*d. Let y be s(c). Is v(y) prime?
False
Let b(g) = 10*g**2 + 43*g - 65. Is b(-36) prime?
False
Let u(x) = 46*x - 15. Let q = -2 - -9. Is u(q) prime?
True
Let l = 606 - -2321. Is l a composite number?
False
Suppose i + 5*b - 1150 = -196, -2*b = -i + 947. Is i a composite number?
True
Let d(f) = 8*f**2 + 8*f + 275. Is d(-19) a prime number?
True
Let i be ((-60)/14)/(4/28). Let t be (i + -7)*1*-47. Let q = -1176 + t. Is q prime?
True
Let r = 5760 - 533. Is r prime?
True
Let o = -29436 + 47893. Is o a prime number?
True
Suppose 17*g - 10134 = 16097. Is g composite?
False
Let h(q) = 52*q**2 + 10*q - 4. Let o be h(10). Is (2 + o/(-10))*65/(-26) a composite number?
False
Let q = -16131 - -33700. Is q a composite number?
False
Suppose -5*h + 128515 = -4*b, -4*h + 5*b + 81824 = -20988. Is h a composite number?
False
Suppose -11096 = -5*m - 0*m - 3*k, -4*k = 3*m - 6651. Is m prime?
True
Let t be 1/(0 + (-2)/(-504)). Let s = 511 - t. Is s a prime number?
False
Suppose z - 9638 = 3*x, 4*z - 4*x = -x + 38561. Is z composite?
True
Let i(n) = n - 3. Let j be i(-6). Let k(u) = u**3 + 9*u**2 + 2. Let z be k(j). Suppose -5*b - 329 = -z*r - 0*b, -3*r = -b - 474. Is r composite?
False
Suppose -20895 = -10*f + 5*f - 2*h, -8358 = -2*f - 4*h. Suppose 5*r + 2786 = 3*r + 4*a, -3*r = -5*a + f. Let g = -984 - r. Is g a prime number?
True
Let d = -1 - 10. Let w be -3 + 4 + -2 - d. Let v(c) = c**3 - 9*c**2 - 3*c - 11. Is v(w) composite?
False
Suppose s - 16 = -4*h + 5*s, 0 = h + s + 2. Let q(r) = -r**3 + 1. Let t be q(h). Suppose t = -d + 5*d - 764. Is d prime?
True
Let q be 9178/6 - (24/9 + -3). Let b = -1043 + q. Is b a composite number?
False
Let m(g) = -195*g - 118. Is m(-37) composite?
True
Let c be (-8)/6*9/2. Let h(b) = 25*b**2 - 10*b - 26. Is h(c) composite?
True
Let x(l) = l - 6 + 2*l**3 + 24*l**2 - 5*l**3 - 25*l**2 + 0. Is x(-5) a prime number?
False
Let v = 2111 + -4211. Is (v - 3)/(1*-3) a composite number?
False
Let i = -39 + 15. Let d(r) = -70*r + 41. Is d(i) a prime number?
True
Let n = 663 - 449. Let q = n + -95. Is q prime?
False
Let q(n) = -n**3 - 12*n**2 + 8*n + 103. Is q(-20) a composite number?
True
Let k be ((-596)/(-12))/((-2)/6). Let d(m) = -m**3 - 14*m**2 + 33*m + 17. Let i be d(-16). Is (k/(-2))/i*10 a composite number?
True
Let r = -4 + 6. Let h be -2 - -5 - (0 + 3). Suppose r*l + h*l - 222 = 0. Is l a prime number?
False
Let k be 4/((-24)/(-5249)) - (-4)/24. Suppose 2*q - 5*q - 2*s = -k, 590 = 2*q + 3*s. Is q composite?
True
Let u be ((-8)/6)/(14/(-21)). Suppose -2*p = u*o - 210, -205 = -2*o - 4*p + p. Is o + (2 - 3) + 2 a composite number?
True
Let r = -1287 - -2285. Is r prime?
False
Suppose -19*z = -12*z - 112. Is (((-13095)/(-36))/(6/z))/2 a composite number?
True
Let l be (-30)/(((-27)/(-510))/(-3)). Let q = l - 961. Is q a prime number?
True
Suppose -3977 - 616 = -3*r. Suppose -4*u + r = -1477. Let x = u + -83. Is x composite?
True
Let z = 4 - 4. Suppose -6 = -5*c - 21, z = -d - 5*c - 13. Suppose -5*a = -d*y - 261, 5*a - y = 4*a + 51. Is a composite?
False
Let z be (-2 + -1)*4/6. Let q be 20/(-11) - z/(-11). Is 154 + 0 - 6/q composite?
False
Let b = 67 + -67. Is 7032/24 - (0 - b) composite?
False
Suppose -q = q - w + 5, w = q + 5. Suppose -4*a + 4*p - 250 = -1434, q = 2*a + 2*p - 588. Is a a prime number?
False
Suppose -9*s + 18*s - 13815 = 0. Is s composite?
True
Is 8/(16/(-914))*-13 a prime number?
False
Let h(n) = -n**3 - 30*n**2 + 31*n + 3. Let t be h(-31). Suppose -t*w = -930 - 1677. Is w a composite number?
True
Let x = 25 - 22. Is ((-1117)/x)/1*-3 prime?
True
Let g(h) = 154*h**3 - 3*h**2 - 9*h - 15. Is g(8) a prime number?
True
Suppose 4*p + 274 = -3*r, 0*p = p - 5. Let q be (r/6)/(2/6). Let w = 158 + q. Is w composite?
False
Let l = -1938 + 1158. Let i = 2307 + l. Is i a composite number?
True
Let h = 7 - 4. Let i be (-3)/(h*(-3)/(-45)). Let a = 50 + i. Is a composite?
True
S